{"id":13,"date":"2018-08-31T11:18:07","date_gmt":"2018-08-31T09:18:07","guid":{"rendered":"https:\/\/www.nidodisole.it\/wp\/?page_id=13"},"modified":"2019-02-01T11:40:33","modified_gmt":"2019-02-01T10:40:33","slug":"accompagnamento-alla-nascita","status":"publish","type":"page","link":"https:\/\/www.nidodisole.it\/index.php\/corsi\/accompagnamento-alla-nascita\/","title":{"rendered":"Accompagnamento alla nascita"},"content":{"rendered":"\t\t<div data-elementor-type=\"wp-post\" data-elementor-id=\"13\" class=\"elementor elementor-13 elementor-bc-flex-widget\">\n\t\t\t\t\t\t\t\t\t<section class=\"elementor-section elementor-top-section elementor-element elementor-element-450d0cc elementor-section-boxed elementor-section-height-default elementor-section-height-default\" data-id=\"450d0cc\" data-element_type=\"section\">\n\t\t\t\t\t\t<div class=\"elementor-container elementor-column-gap-default\">\n\t\t\t\t\t<div class=\"elementor-column elementor-col-100 elementor-top-column elementor-element elementor-element-e850a25\" data-id=\"e850a25\" data-element_type=\"column\">\n\t\t\t<div class=\"elementor-widget-wrap\">\n\t\t\t\t\t\t\t\t\t<\/div>\n\t\t<\/div>\n\t\t\t\t\t\t\t<\/div>\n\t\t<\/section>\n\t\t\t\t<section class=\"elementor-section elementor-top-section elementor-element elementor-element-d53f709 elementor-section-items-top elementor-section-height-min-height elementor-section-stretched elementor-section-full_width elementor-section-height-default\" data-id=\"d53f709\" data-element_type=\"section\" data-settings=\"{&quot;background_background&quot;:&quot;classic&quot;,&quot;stretch_section&quot;:&quot;section-stretched&quot;}\">\n\t\t\t\t\t\t<div class=\"elementor-container elementor-column-gap-default\">\n\t\t\t\t\t<div class=\"elementor-column elementor-col-100 elementor-top-column elementor-element elementor-element-84d641f\" data-id=\"84d641f\" data-element_type=\"column\">\n\t\t\t<div class=\"elementor-widget-wrap\">\n\t\t\t\t\t\t\t\t\t<\/div>\n\t\t<\/div>\n\t\t\t\t\t\t\t<\/div>\n\t\t<\/section>\n\t\t\t\t<section class=\"elementor-section elementor-top-section elementor-element elementor-element-ab27f6e elementor-section-boxed elementor-section-height-default elementor-section-height-default\" data-id=\"ab27f6e\" data-element_type=\"section\">\n\t\t\t\t\t\t<div class=\"elementor-container elementor-column-gap-no\">\n\t\t\t\t\t<div class=\"elementor-column elementor-col-50 elementor-top-column elementor-element elementor-element-361a0eb3\" data-id=\"361a0eb3\" data-element_type=\"column\">\n\t\t\t<div class=\"elementor-widget-wrap elementor-element-populated\">\n\t\t\t\t\t\t\t\t<div class=\"elementor-element elementor-element-89bc0a3 elementor-widget elementor-widget-heading\" data-id=\"89bc0a3\" data-element_type=\"widget\" data-widget_type=\"heading.default\">\n\t\t\t\t<div class=\"elementor-widget-container\">\n\t\t\t<h3 class=\"elementor-heading-title elementor-size-default\">Accompagnamento alla Nascita<\/h3>\t\t<\/div>\n\t\t\t\t<\/div>\n\t\t\t\t<div class=\"elementor-element elementor-element-cf4e04b elementor-widget elementor-widget-heading\" data-id=\"cf4e04b\" data-element_type=\"widget\" data-widget_type=\"heading.default\">\n\t\t\t\t<div class=\"elementor-widget-container\">\n\t\t\t<h2 class=\"elementor-heading-title elementor-size-default\">UN MOMENTO DI COPPIA<\/h2>\t\t<\/div>\n\t\t\t\t<\/div>\n\t\t\t\t<div class=\"elementor-element elementor-element-29e6255 elementor-widget elementor-widget-spacer\" data-id=\"29e6255\" data-element_type=\"widget\" data-widget_type=\"spacer.default\">\n\t\t\t\t<div class=\"elementor-widget-container\">\n\t\t\t\t\t<div class=\"elementor-spacer\">\n\t\t\t<div class=\"elementor-spacer-inner\"><\/div>\n\t\t<\/div>\n\t\t\t\t<\/div>\n\t\t\t\t<\/div>\n\t\t\t\t<div class=\"elementor-element elementor-element-6849b7f elementor-widget elementor-widget-text-editor\" data-id=\"6849b7f\" data-element_type=\"widget\" data-widget_type=\"text-editor.default\">\n\t\t\t\t<div class=\"elementor-widget-container\">\n\t\t\t\t\t\t\t<p>Il Corso Preparto di Accompagnamento alla nascita ha come obiettivo principale quello di accompagnare la donna e la coppia in tutto il meraviglioso percorso della gravidanza.<br \/>Accompagnare quindi aiutare la donna ad affrontare con serenit\u00e0 e consapevolezza l&#8217;esperienza della maternit\u00e0, sottolineando la naturalit\u00e0 del travaglio e del parto, come eventi fisiologici.<br \/>Il corso \u00e8 teorico ed esperienziale perch\u00e9 la coppia possa confrontarsi, conoscere,\u00a0condividere con il partner e con il gruppo, domandare, ascoltarsi, respirare e\u00a0muoversi&#8230;per poter vivere con tranquillit\u00e0, consapevolezza e gioia l&#8217;arrivo di un figlio!<\/p>\t\t\t\t\t\t<\/div>\n\t\t\t\t<\/div>\n\t\t\t\t\t<\/div>\n\t\t<\/div>\n\t\t\t\t<div class=\"elementor-column elementor-col-50 elementor-top-column elementor-element elementor-element-7f0dfa3c\" data-id=\"7f0dfa3c\" data-element_type=\"column\">\n\t\t\t<div class=\"elementor-widget-wrap elementor-element-populated\">\n\t\t\t\t\t\t\t\t<div class=\"elementor-element elementor-element-6cc8825a elementor-widget elementor-widget-image\" data-id=\"6cc8825a\" data-element_type=\"widget\" data-widget_type=\"image.default\">\n\t\t\t\t<div class=\"elementor-widget-container\">\n\t\t\t\t\t\t\t\t\t\t\t\t\t\t\t<img fetchpriority=\"high\" decoding=\"async\" width=\"768\" height=\"509\" src=\"https:\/\/www.nidodisole.it\/wp-content\/uploads\/2018\/09\/kelly-sikkema-325963-unsplash-768x509.jpg\" class=\"attachment-medium_large size-medium_large wp-image-327\" alt=\"\" srcset=\"https:\/\/www.nidodisole.it\/wp-content\/uploads\/2018\/09\/kelly-sikkema-325963-unsplash-768x509.jpg 768w, https:\/\/www.nidodisole.it\/wp-content\/uploads\/2018\/09\/kelly-sikkema-325963-unsplash-300x199.jpg 300w, https:\/\/www.nidodisole.it\/wp-content\/uploads\/2018\/09\/kelly-sikkema-325963-unsplash-1024x678.jpg 1024w, https:\/\/www.nidodisole.it\/wp-content\/uploads\/2018\/09\/kelly-sikkema-325963-unsplash-830x550.jpg 830w, https:\/\/www.nidodisole.it\/wp-content\/uploads\/2018\/09\/kelly-sikkema-325963-unsplash-230x152.jpg 230w, https:\/\/www.nidodisole.it\/wp-content\/uploads\/2018\/09\/kelly-sikkema-325963-unsplash-350x232.jpg 350w, https:\/\/www.nidodisole.it\/wp-content\/uploads\/2018\/09\/kelly-sikkema-325963-unsplash-480x318.jpg 480w\" sizes=\"(max-width: 768px) 100vw, 768px\" \/>\t\t\t\t\t\t\t\t\t\t\t\t\t\t\t<\/div>\n\t\t\t\t<\/div>\n\t\t\t\t<section class=\"elementor-section elementor-inner-section elementor-element elementor-element-2298392 elementor-section-boxed elementor-section-height-default elementor-section-height-default\" data-id=\"2298392\" data-element_type=\"section\">\n\t\t\t\t\t\t<div class=\"elementor-container elementor-column-gap-default\">\n\t\t\t\t\t<div class=\"elementor-column elementor-col-50 elementor-inner-column elementor-element elementor-element-b1fe5d3\" data-id=\"b1fe5d3\" data-element_type=\"column\">\n\t\t\t<div class=\"elementor-widget-wrap elementor-element-populated\">\n\t\t\t\t\t\t\t\t<div class=\"elementor-element elementor-element-e109cf6 elementor-widget elementor-widget-text-editor\" data-id=\"e109cf6\" data-element_type=\"widget\" data-widget_type=\"text-editor.default\">\n\t\t\t\t<div class=\"elementor-widget-container\">\n\t\t\t\t\t\t\t<p>Frequentare un corso preparto diventa un momento importante di confronto e sostegno sia con una figura professionale e competente, sia con un gruppo di mamme e pap\u00e0 che stanno vivendo la stessa emozionante avventura, riscoprendo i ritmi naturali del corpo e condividendo con il gruppo paure, dubbi, emozioni e gioie che l&#8217;esperienza della nascita porta con s\u00e9.\u00a0<\/p>\t\t\t\t\t\t<\/div>\n\t\t\t\t<\/div>\n\t\t\t\t\t<\/div>\n\t\t<\/div>\n\t\t\t\t<div class=\"elementor-column elementor-col-50 elementor-inner-column elementor-element elementor-element-cfb89a8\" data-id=\"cfb89a8\" data-element_type=\"column\">\n\t\t\t<div class=\"elementor-widget-wrap\">\n\t\t\t\t\t\t\t\t\t<\/div>\n\t\t<\/div>\n\t\t\t\t\t\t\t<\/div>\n\t\t<\/section>\n\t\t\t\t<div class=\"elementor-element elementor-element-b37a120 elementor-arrows-position-inside elementor-pagination-position-outside elementor-widget elementor-widget-image-carousel\" data-id=\"b37a120\" data-element_type=\"widget\" data-settings=\"{&quot;slides_to_show&quot;:&quot;2&quot;,&quot;navigation&quot;:&quot;both&quot;,&quot;autoplay&quot;:&quot;yes&quot;,&quot;pause_on_hover&quot;:&quot;yes&quot;,&quot;pause_on_interaction&quot;:&quot;yes&quot;,&quot;autoplay_speed&quot;:5000,&quot;infinite&quot;:&quot;yes&quot;,&quot;speed&quot;:500}\" data-widget_type=\"image-carousel.default\">\n\t\t\t\t<div class=\"elementor-widget-container\">\n\t\t\t\t\t<div class=\"elementor-image-carousel-wrapper swiper-container\" dir=\"ltr\">\n\t\t\t<div class=\"elementor-image-carousel swiper-wrapper swiper-image-stretch\" aria-live=\"off\">\n\t\t\t\t\t\t\t\t<div class=\"swiper-slide\" role=\"group\" aria-roledescription=\"slide\" aria-label=\"1 di 10\"><a data-elementor-open-lightbox=\"yes\" data-elementor-lightbox-slideshow=\"b37a120\" data-elementor-lightbox-title=\"19113614_1406258342797012_5821790365879953852_n\" data-e-action-hash=\"#elementor-action%3Aaction%3Dlightbox%26settings%3DeyJpZCI6MzEwLCJ1cmwiOiJodHRwczpcL1wvd3d3Lm5pZG9kaXNvbGUuaXRcL3dwLWNvbnRlbnRcL3VwbG9hZHNcLzIwMThcLzA5XC8xOTExMzYxNF8xNDA2MjU4MzQyNzk3MDEyXzU4MjE3OTAzNjU4Nzk5NTM4NTJfbi5qcGciLCJzbGlkZXNob3ciOiJiMzdhMTIwIn0%3D\" href=\"https:\/\/www.nidodisole.it\/wp-content\/uploads\/2018\/09\/19113614_1406258342797012_5821790365879953852_n.jpg\"><figure class=\"swiper-slide-inner\"><img decoding=\"async\" class=\"swiper-slide-image\" src=\"https:\/\/www.nidodisole.it\/wp-content\/uploads\/2018\/09\/19113614_1406258342797012_5821790365879953852_n-768x512.jpg\" alt=\"19113614_1406258342797012_5821790365879953852_n\" \/><\/figure><\/a><\/div><div class=\"swiper-slide\" role=\"group\" aria-roledescription=\"slide\" aria-label=\"2 di 10\"><a data-elementor-open-lightbox=\"yes\" data-elementor-lightbox-slideshow=\"b37a120\" data-elementor-lightbox-title=\"19105932_1406258239463689_7968043278278926085_n\" data-e-action-hash=\"#elementor-action%3Aaction%3Dlightbox%26settings%3DeyJpZCI6MzA5LCJ1cmwiOiJodHRwczpcL1wvd3d3Lm5pZG9kaXNvbGUuaXRcL3dwLWNvbnRlbnRcL3VwbG9hZHNcLzIwMThcLzA5XC8xOTEwNTkzMl8xNDA2MjU4MjM5NDYzNjg5Xzc5NjgwNDMyNzgyNzg5MjYwODVfbi5qcGciLCJzbGlkZXNob3ciOiJiMzdhMTIwIn0%3D\" href=\"https:\/\/www.nidodisole.it\/wp-content\/uploads\/2018\/09\/19105932_1406258239463689_7968043278278926085_n.jpg\"><figure class=\"swiper-slide-inner\"><img decoding=\"async\" class=\"swiper-slide-image\" src=\"https:\/\/www.nidodisole.it\/wp-content\/uploads\/2018\/09\/19105932_1406258239463689_7968043278278926085_n-768x512.jpg\" alt=\"19105932_1406258239463689_7968043278278926085_n\" \/><\/figure><\/a><\/div><div class=\"swiper-slide\" role=\"group\" aria-roledescription=\"slide\" aria-label=\"3 di 10\"><a data-elementor-open-lightbox=\"yes\" data-elementor-lightbox-slideshow=\"b37a120\" data-elementor-lightbox-title=\"05_accomp\" data-e-action-hash=\"#elementor-action%3Aaction%3Dlightbox%26settings%3DeyJpZCI6MjYwLCJ1cmwiOiJodHRwczpcL1wvd3d3Lm5pZG9kaXNvbGUuaXRcL3dwLWNvbnRlbnRcL3VwbG9hZHNcLzIwMThcLzA5XC8wNV9hY2NvbXAuanBnIiwic2xpZGVzaG93IjoiYjM3YTEyMCJ9\" href=\"https:\/\/www.nidodisole.it\/wp-content\/uploads\/2018\/09\/05_accomp.jpg\"><figure class=\"swiper-slide-inner\"><img decoding=\"async\" class=\"swiper-slide-image\" src=\"https:\/\/www.nidodisole.it\/wp-content\/uploads\/2018\/09\/05_accomp-768x512.jpg\" alt=\"05_accomp\" \/><\/figure><\/a><\/div><div class=\"swiper-slide\" role=\"group\" aria-roledescription=\"slide\" aria-label=\"4 di 10\"><a data-elementor-open-lightbox=\"yes\" data-elementor-lightbox-slideshow=\"b37a120\" data-elementor-lightbox-title=\"06_accomp\" data-e-action-hash=\"#elementor-action%3Aaction%3Dlightbox%26settings%3DeyJpZCI6MjYxLCJ1cmwiOiJodHRwczpcL1wvd3d3Lm5pZG9kaXNvbGUuaXRcL3dwLWNvbnRlbnRcL3VwbG9hZHNcLzIwMThcLzA5XC8wNl9hY2NvbXAuanBnIiwic2xpZGVzaG93IjoiYjM3YTEyMCJ9\" href=\"https:\/\/www.nidodisole.it\/wp-content\/uploads\/2018\/09\/06_accomp.jpg\"><figure class=\"swiper-slide-inner\"><img decoding=\"async\" class=\"swiper-slide-image\" src=\"https:\/\/www.nidodisole.it\/wp-content\/uploads\/2018\/09\/06_accomp-768x512.jpg\" alt=\"06_accomp\" \/><\/figure><\/a><\/div><div class=\"swiper-slide\" role=\"group\" aria-roledescription=\"slide\" aria-label=\"5 di 10\"><a data-elementor-open-lightbox=\"yes\" data-elementor-lightbox-slideshow=\"b37a120\" data-elementor-lightbox-title=\"08_accomp\" data-e-action-hash=\"#elementor-action%3Aaction%3Dlightbox%26settings%3DeyJpZCI6MjU5LCJ1cmwiOiJodHRwczpcL1wvd3d3Lm5pZG9kaXNvbGUuaXRcL3dwLWNvbnRlbnRcL3VwbG9hZHNcLzIwMThcLzA5XC8wOF9hY2NvbXAuanBnIiwic2xpZGVzaG93IjoiYjM3YTEyMCJ9\" href=\"https:\/\/www.nidodisole.it\/wp-content\/uploads\/2018\/09\/08_accomp.jpg\"><figure class=\"swiper-slide-inner\"><img decoding=\"async\" class=\"swiper-slide-image\" src=\"https:\/\/www.nidodisole.it\/wp-content\/uploads\/2018\/09\/08_accomp-768x512.jpg\" alt=\"08_accomp\" \/><\/figure><\/a><\/div><div class=\"swiper-slide\" role=\"group\" aria-roledescription=\"slide\" aria-label=\"6 di 10\"><a data-elementor-open-lightbox=\"yes\" data-elementor-lightbox-slideshow=\"b37a120\" data-elementor-lightbox-title=\"07_accomp\" data-e-action-hash=\"#elementor-action%3Aaction%3Dlightbox%26settings%3DeyJpZCI6MjU4LCJ1cmwiOiJodHRwczpcL1wvd3d3Lm5pZG9kaXNvbGUuaXRcL3dwLWNvbnRlbnRcL3VwbG9hZHNcLzIwMThcLzA5XC8wN19hY2NvbXAuanBnIiwic2xpZGVzaG93IjoiYjM3YTEyMCJ9\" href=\"https:\/\/www.nidodisole.it\/wp-content\/uploads\/2018\/09\/07_accomp.jpg\"><figure class=\"swiper-slide-inner\"><img decoding=\"async\" class=\"swiper-slide-image\" src=\"https:\/\/www.nidodisole.it\/wp-content\/uploads\/2018\/09\/07_accomp-768x512.jpg\" alt=\"07_accomp\" \/><\/figure><\/a><\/div><div class=\"swiper-slide\" role=\"group\" aria-roledescription=\"slide\" aria-label=\"7 di 10\"><a data-elementor-open-lightbox=\"yes\" data-elementor-lightbox-slideshow=\"b37a120\" data-elementor-lightbox-title=\"03_accomp\" data-e-action-hash=\"#elementor-action%3Aaction%3Dlightbox%26settings%3DeyJpZCI6MjQxLCJ1cmwiOiJodHRwczpcL1wvd3d3Lm5pZG9kaXNvbGUuaXRcL3dwLWNvbnRlbnRcL3VwbG9hZHNcLzIwMThcLzA5XC8wM19hY2NvbXAuanBnIiwic2xpZGVzaG93IjoiYjM3YTEyMCJ9\" href=\"https:\/\/www.nidodisole.it\/wp-content\/uploads\/2018\/09\/03_accomp.jpg\"><figure class=\"swiper-slide-inner\"><img decoding=\"async\" class=\"swiper-slide-image\" src=\"https:\/\/www.nidodisole.it\/wp-content\/uploads\/2018\/09\/03_accomp-768x576.jpg\" alt=\"03_accomp\" \/><\/figure><\/a><\/div><div class=\"swiper-slide\" role=\"group\" aria-roledescription=\"slide\" aria-label=\"8 di 10\"><a data-elementor-open-lightbox=\"yes\" data-elementor-lightbox-slideshow=\"b37a120\" data-elementor-lightbox-title=\"04_accomp\" data-e-action-hash=\"#elementor-action%3Aaction%3Dlightbox%26settings%3DeyJpZCI6MjQyLCJ1cmwiOiJodHRwczpcL1wvd3d3Lm5pZG9kaXNvbGUuaXRcL3dwLWNvbnRlbnRcL3VwbG9hZHNcLzIwMThcLzA5XC8wNF9hY2NvbXAuanBnIiwic2xpZGVzaG93IjoiYjM3YTEyMCJ9\" href=\"https:\/\/www.nidodisole.it\/wp-content\/uploads\/2018\/09\/04_accomp.jpg\"><figure class=\"swiper-slide-inner\"><img decoding=\"async\" class=\"swiper-slide-image\" src=\"https:\/\/www.nidodisole.it\/wp-content\/uploads\/2018\/09\/04_accomp-768x576.jpg\" alt=\"04_accomp\" \/><\/figure><\/a><\/div><div class=\"swiper-slide\" role=\"group\" aria-roledescription=\"slide\" aria-label=\"9 di 10\"><a data-elementor-open-lightbox=\"yes\" data-elementor-lightbox-slideshow=\"b37a120\" data-elementor-lightbox-title=\"01_accomp\" data-e-action-hash=\"#elementor-action%3Aaction%3Dlightbox%26settings%3DeyJpZCI6MjM5LCJ1cmwiOiJodHRwczpcL1wvd3d3Lm5pZG9kaXNvbGUuaXRcL3dwLWNvbnRlbnRcL3VwbG9hZHNcLzIwMThcLzA5XC8wMV9hY2NvbXAuanBnIiwic2xpZGVzaG93IjoiYjM3YTEyMCJ9\" href=\"https:\/\/www.nidodisole.it\/wp-content\/uploads\/2018\/09\/01_accomp.jpg\"><figure class=\"swiper-slide-inner\"><img decoding=\"async\" class=\"swiper-slide-image\" src=\"https:\/\/www.nidodisole.it\/wp-content\/uploads\/2018\/09\/01_accomp-768x576.jpg\" alt=\"01_accomp\" \/><\/figure><\/a><\/div><div class=\"swiper-slide\" role=\"group\" aria-roledescription=\"slide\" aria-label=\"10 di 10\"><a data-elementor-open-lightbox=\"yes\" data-elementor-lightbox-slideshow=\"b37a120\" data-elementor-lightbox-title=\"02_accomp\" data-e-action-hash=\"#elementor-action%3Aaction%3Dlightbox%26settings%3DeyJpZCI6MjQwLCJ1cmwiOiJodHRwczpcL1wvd3d3Lm5pZG9kaXNvbGUuaXRcL3dwLWNvbnRlbnRcL3VwbG9hZHNcLzIwMThcLzA5XC8wMl9hY2NvbXAuanBnIiwic2xpZGVzaG93IjoiYjM3YTEyMCJ9\" href=\"https:\/\/www.nidodisole.it\/wp-content\/uploads\/2018\/09\/02_accomp.jpg\"><figure class=\"swiper-slide-inner\"><img decoding=\"async\" class=\"swiper-slide-image\" src=\"https:\/\/www.nidodisole.it\/wp-content\/uploads\/2018\/09\/02_accomp-768x576.jpg\" alt=\"02_accomp\" \/><\/figure><\/a><\/div>\t\t\t<\/div>\n\t\t\t\t\t\t\t\t\t\t\t\t<div class=\"elementor-swiper-button elementor-swiper-button-prev\" role=\"button\" tabindex=\"0\">\n\t\t\t\t\t\t<i aria-hidden=\"true\" class=\"eicon-chevron-left\"><\/i>\t\t\t\t\t<\/div>\n\t\t\t\t\t<div class=\"elementor-swiper-button elementor-swiper-button-next\" role=\"button\" tabindex=\"0\">\n\t\t\t\t\t\t<i aria-hidden=\"true\" class=\"eicon-chevron-right\"><\/i>\t\t\t\t\t<\/div>\n\t\t\t\t\n\t\t\t\t\t\t\t\t\t<div class=\"swiper-pagination\"><\/div>\n\t\t\t\t\t\t\t\t\t<\/div>\n\t\t\t\t<\/div>\n\t\t\t\t<\/div>\n\t\t\t\t\t<\/div>\n\t\t<\/div>\n\t\t\t\t\t\t\t<\/div>\n\t\t<\/section>\n\t\t\t\t<section class=\"elementor-section elementor-top-section elementor-element elementor-element-8d4b227 elementor-section-boxed elementor-section-height-default elementor-section-height-default\" data-id=\"8d4b227\" data-element_type=\"section\">\n\t\t\t\t\t\t<div class=\"elementor-container elementor-column-gap-default\">\n\t\t\t\t\t<div class=\"elementor-column elementor-col-100 elementor-top-column elementor-element elementor-element-29cba34\" data-id=\"29cba34\" data-element_type=\"column\">\n\t\t\t<div class=\"elementor-widget-wrap elementor-element-populated\">\n\t\t\t\t\t\t\t\t<div class=\"elementor-element elementor-element-9687280 elementor-widget elementor-widget-spacer\" data-id=\"9687280\" data-element_type=\"widget\" data-widget_type=\"spacer.default\">\n\t\t\t\t<div class=\"elementor-widget-container\">\n\t\t\t\t\t<div class=\"elementor-spacer\">\n\t\t\t<div class=\"elementor-spacer-inner\"><\/div>\n\t\t<\/div>\n\t\t\t\t<\/div>\n\t\t\t\t<\/div>\n\t\t\t\t\t<\/div>\n\t\t<\/div>\n\t\t\t\t\t\t\t<\/div>\n\t\t<\/section>\n\t\t\t\t<section class=\"elementor-section elementor-top-section elementor-element elementor-element-77edcbb7 elementor-section-boxed elementor-section-height-default elementor-section-height-default\" data-id=\"77edcbb7\" data-element_type=\"section\">\n\t\t\t\t\t\t<div class=\"elementor-container elementor-column-gap-default\">\n\t\t\t\t\t<div class=\"elementor-column elementor-col-100 elementor-top-column elementor-element elementor-element-5ce5b993\" data-id=\"5ce5b993\" data-element_type=\"column\">\n\t\t\t<div class=\"elementor-widget-wrap elementor-element-populated\">\n\t\t\t\t\t\t\t\t<div class=\"elementor-element elementor-element-23ed8487 elementor-widget elementor-widget-spacer\" data-id=\"23ed8487\" data-element_type=\"widget\" data-widget_type=\"spacer.default\">\n\t\t\t\t<div class=\"elementor-widget-container\">\n\t\t\t\t\t<div class=\"elementor-spacer\">\n\t\t\t<div class=\"elementor-spacer-inner\"><\/div>\n\t\t<\/div>\n\t\t\t\t<\/div>\n\t\t\t\t<\/div>\n\t\t\t\t\t<\/div>\n\t\t<\/div>\n\t\t\t\t\t\t\t<\/div>\n\t\t<\/section>\n\t\t\t\t\t\t\t<\/div>\n\t\t","protected":false},"excerpt":{"rendered":"<p>Accompagnamento alla Nascita UN MOMENTO DI COPPIA Il Corso Preparto di Accompagnamento alla nascita ha come obiettivo principale quello di accompagnare la [&hellip;]<\/p>\n","protected":false},"author":1,"featured_media":0,"parent":349,"menu_order":0,"comment_status":"closed","ping_status":"closed","template":"page-templates\/page_front-page.php","meta":{"footnotes":""},"yoast_head":"<!-- This site is optimized with the Yoast SEO plugin v21.6 - https:\/\/yoast.com\/wordpress\/plugins\/seo\/ -->\n<title>Accompagnamento alla nascita - Un nido di sole<\/title>\n<meta name=\"robots\" content=\"index, follow, max-snippet:-1, max-image-preview:large, max-video-preview:-1\" \/>\n<link rel=\"canonical\" href=\"https:\/\/www.nidodisole.it\/index.php\/corsi\/accompagnamento-alla-nascita\/\" \/>\n<meta property=\"og:locale\" content=\"it_IT\" \/>\n<meta property=\"og:type\" content=\"article\" \/>\n<meta property=\"og:title\" content=\"Accompagnamento alla nascita - Un nido di sole\" \/>\n<meta property=\"og:description\" content=\"Accompagnamento alla Nascita UN MOMENTO DI COPPIA Il Corso Preparto di Accompagnamento alla nascita ha come obiettivo principale quello di accompagnare la [&hellip;]\" \/>\n<meta property=\"og:url\" content=\"https:\/\/www.nidodisole.it\/index.php\/corsi\/accompagnamento-alla-nascita\/\" \/>\n<meta property=\"og:site_name\" content=\"Un nido di sole\" \/>\n<meta property=\"article:publisher\" content=\"https:\/\/www.facebook.com\/UN-NIDO-DI-SOLE-Centro-Maternit%c3%a0-297761266980064\/\" \/>\n<meta property=\"article:modified_time\" content=\"2019-02-01T10:40:33+00:00\" \/>\n<meta property=\"og:image\" content=\"https:\/\/www.nidodisole.it\/wp-content\/uploads\/2018\/09\/kelly-sikkema-325963-unsplash-768x509.jpg\" \/>\n<meta name=\"twitter:card\" content=\"summary_large_image\" \/>\n<meta name=\"twitter:label1\" content=\"Tempo di lettura stimato\" \/>\n\t<meta name=\"twitter:data1\" content=\"1 minuto\" \/>\n<script type=\"application\/ld+json\" class=\"yoast-schema-graph\">{\"@context\":\"https:\/\/schema.org\",\"@graph\":[{\"@type\":\"WebPage\",\"@id\":\"https:\/\/www.nidodisole.it\/index.php\/corsi\/accompagnamento-alla-nascita\/\",\"url\":\"https:\/\/www.nidodisole.it\/index.php\/corsi\/accompagnamento-alla-nascita\/\",\"name\":\"Accompagnamento alla nascita - Un nido di sole\",\"isPartOf\":{\"@id\":\"https:\/\/www.nidodisole.it\/#website\"},\"datePublished\":\"2018-08-31T09:18:07+00:00\",\"dateModified\":\"2019-02-01T10:40:33+00:00\",\"breadcrumb\":{\"@id\":\"https:\/\/www.nidodisole.it\/index.php\/corsi\/accompagnamento-alla-nascita\/#breadcrumb\"},\"inLanguage\":\"it-IT\",\"potentialAction\":[{\"@type\":\"ReadAction\",\"target\":[\"https:\/\/www.nidodisole.it\/index.php\/corsi\/accompagnamento-alla-nascita\/\"]}]},{\"@type\":\"BreadcrumbList\",\"@id\":\"https:\/\/www.nidodisole.it\/index.php\/corsi\/accompagnamento-alla-nascita\/#breadcrumb\",\"itemListElement\":[{\"@type\":\"ListItem\",\"position\":1,\"name\":\"Home\",\"item\":\"https:\/\/www.nidodisole.it\/\"},{\"@type\":\"ListItem\",\"position\":2,\"name\":\"Corsi\",\"item\":\"https:\/\/www.nidodisole.it\/index.php\/corsi\/\"},{\"@type\":\"ListItem\",\"position\":3,\"name\":\"Accompagnamento alla nascita\"}]},{\"@type\":\"WebSite\",\"@id\":\"https:\/\/www.nidodisole.it\/#website\",\"url\":\"https:\/\/www.nidodisole.it\/\",\"name\":\"Un nido di sole - Centro maternit\u00e0\",\"description\":\"centro maternit\u00e0\",\"potentialAction\":[{\"@type\":\"SearchAction\",\"target\":{\"@type\":\"EntryPoint\",\"urlTemplate\":\"https:\/\/www.nidodisole.it\/?s={search_term_string}\"},\"query-input\":\"required name=search_term_string\"}],\"inLanguage\":\"it-IT\"}]}<\/script>\n<!-- \/ Yoast SEO plugin. -->","yoast_head_json":{"title":"Accompagnamento alla nascita - Un nido di sole","robots":{"index":"index","follow":"follow","max-snippet":"max-snippet:-1","max-image-preview":"max-image-preview:large","max-video-preview":"max-video-preview:-1"},"canonical":"https:\/\/www.nidodisole.it\/index.php\/corsi\/accompagnamento-alla-nascita\/","og_locale":"it_IT","og_type":"article","og_title":"Accompagnamento alla nascita - Un nido di sole","og_description":"Accompagnamento alla Nascita UN MOMENTO DI COPPIA Il Corso Preparto di Accompagnamento alla nascita ha come obiettivo principale quello di accompagnare la [&hellip;]","og_url":"https:\/\/www.nidodisole.it\/index.php\/corsi\/accompagnamento-alla-nascita\/","og_site_name":"Un nido di sole","article_publisher":"https:\/\/www.facebook.com\/UN-NIDO-DI-SOLE-Centro-Maternit%c3%a0-297761266980064\/","article_modified_time":"2019-02-01T10:40:33+00:00","og_image":[{"url":"https:\/\/www.nidodisole.it\/wp-content\/uploads\/2018\/09\/kelly-sikkema-325963-unsplash-768x509.jpg"}],"twitter_card":"summary_large_image","twitter_misc":{"Tempo di lettura stimato":"1 minuto"},"schema":{"@context":"https:\/\/schema.org","@graph":[{"@type":"WebPage","@id":"https:\/\/www.nidodisole.it\/index.php\/corsi\/accompagnamento-alla-nascita\/","url":"https:\/\/www.nidodisole.it\/index.php\/corsi\/accompagnamento-alla-nascita\/","name":"Accompagnamento alla nascita - Un nido di sole","isPartOf":{"@id":"https:\/\/www.nidodisole.it\/#website"},"datePublished":"2018-08-31T09:18:07+00:00","dateModified":"2019-02-01T10:40:33+00:00","breadcrumb":{"@id":"https:\/\/www.nidodisole.it\/index.php\/corsi\/accompagnamento-alla-nascita\/#breadcrumb"},"inLanguage":"it-IT","potentialAction":[{"@type":"ReadAction","target":["https:\/\/www.nidodisole.it\/index.php\/corsi\/accompagnamento-alla-nascita\/"]}]},{"@type":"BreadcrumbList","@id":"https:\/\/www.nidodisole.it\/index.php\/corsi\/accompagnamento-alla-nascita\/#breadcrumb","itemListElement":[{"@type":"ListItem","position":1,"name":"Home","item":"https:\/\/www.nidodisole.it\/"},{"@type":"ListItem","position":2,"name":"Corsi","item":"https:\/\/www.nidodisole.it\/index.php\/corsi\/"},{"@type":"ListItem","position":3,"name":"Accompagnamento alla nascita"}]},{"@type":"WebSite","@id":"https:\/\/www.nidodisole.it\/#website","url":"https:\/\/www.nidodisole.it\/","name":"Un nido di sole - Centro maternit\u00e0","description":"centro maternit\u00e0","potentialAction":[{"@type":"SearchAction","target":{"@type":"EntryPoint","urlTemplate":"https:\/\/www.nidodisole.it\/?s={search_term_string}"},"query-input":"required name=search_term_string"}],"inLanguage":"it-IT"}]}},"_links":{"self":[{"href":"https:\/\/www.nidodisole.it\/index.php\/wp-json\/wp\/v2\/pages\/13"}],"collection":[{"href":"https:\/\/www.nidodisole.it\/index.php\/wp-json\/wp\/v2\/pages"}],"about":[{"href":"https:\/\/www.nidodisole.it\/index.php\/wp-json\/wp\/v2\/types\/page"}],"author":[{"embeddable":true,"href":"https:\/\/www.nidodisole.it\/index.php\/wp-json\/wp\/v2\/users\/1"}],"replies":[{"embeddable":true,"href":"https:\/\/www.nidodisole.it\/index.php\/wp-json\/wp\/v2\/comments?post=13"}],"version-history":[{"count":41,"href":"https:\/\/www.nidodisole.it\/index.php\/wp-json\/wp\/v2\/pages\/13\/revisions"}],"predecessor-version":[{"id":1175,"href":"https:\/\/www.nidodisole.it\/index.php\/wp-json\/wp\/v2\/pages\/13\/revisions\/1175"}],"up":[{"embeddable":true,"href":"https:\/\/www.nidodisole.it\/index.php\/wp-json\/wp\/v2\/pages\/349"}],"wp:attachment":[{"href":"https:\/\/www.nidodisole.it\/index.php\/wp-json\/wp\/v2\/media?parent=13"}],"curies":[{"name":"wp","href":"https:\/\/api.w.org\/{rel}","templated":true}]}}